g. Calculate the remainder when g is divided by 8.
7
Let a(s) = 9*s**3 - 5*s**2 + 2. Let w be 6/12*(-6 - -3)*-2. What is the remainder when a(w) is divided by 51?
47
Let q be (1326/(-65))/((-1)/(-10)*-3). Calculate the remainder when (1 - -1) + (7 - 10) + q is divided by 34.
33
Let p = 462 + -436. Calculate the remainder when 37 is divided by p.
11
Suppose 80 = 4*w - 24. Suppose -525 = -5*h - 5*s, -2*s - 460 = -4*h + 2*s. Suppose q - h = -34. Calculate the remainder when q is divided by w.
24
Suppose 2*g - 16 = 2. Calculate the remainder when 108 is divided by g.
0
Suppose -13*w + 77 = -27. Calculate the remainder when 134 is divided by w.
6
Let q = -4 - -25. Suppose -3*r - 3 = -q. Suppose 3*p - l = -0*l + 8, -7 = -2*p - l. Calculate the remainder when r is divided by p.
0
Let b = 8 - -8. Suppose 91 = a + 21 - 41. Calculate the remainder when a is divided by b.
15
Suppose 5*w + 0*b - 54 = -3*b, -3*b + 18 = w. Let j(o) = 4*o - 1. Let c be j(w). Suppose -c = -6*t + t. What is the remainder when 32 is divided by t?
4
Let l = -712 - -741. Calculate the remainder when 259 is divided by l.
27
Let t(f) = -32*f + 56. Let v be t(-9). Suppose 0 = -4*b + 4*k + v, 5*b + k = b + 364. Calculate the remainder when b is divided by 23.
21
Suppose q - 3 + 5 = 3*f, -12 = 4*f. Let z = q + 15. Calculate the remainder when z is divided by 3.
1
Suppose 3*j = 4*t + 2*j - 49, 4*j = 5*t - 64. What is the remainder when 46 is divided by t?
10
Let u = -9 - -5. Suppose -r = 2*c - 60, -144 = -c - 4*c - 4*r. What is the remainder when c is divided by u + 3 + (-54)/(-3)?
15
Suppose 0 = 2*x - 0*x - 78. Let u(l) = -2*l - 12. Let i be u(-11). Calculate the remainder when x is divided by ((-14)/i)/((-16)/160).
11
Let m = 237 + -216. What is the remainder when 287 is divided by m?
14
Let t = 56 - 12. What is the remainder when 2 + (-7)/3 + 388/3 is divided by t?
41
Calculate the remainder when 47 is divided by (-74)/(-4) + (-9)/18.
11
Suppose -3*q - q = -2*p + 28, 0 = -3*q - 6. Let k(z) = 5*z**2 - 24*z - 38. What is the remainder when k(7) is divided by p?
9
Calculate the remainder when 18/(-15) + (-13936)/(-130) is divided by 36.
34
Calculate the remainder when ((-79)/(-2))/((-23)/(-230)) - 5 is divided by 17.
16
Suppose -4520 = -6*n - 4424. What is the remainder when 138 is divided by n?
10
What is the remainder when 198 is divided by (15/9)/((-1)/(-24))?
38
Let i(g) be the third derivative of g**5/60 + 11*g**4/24 - 4*g**3 + 15*g**2. Calculate the remainder when i(-14) is divided by 5.
3
Suppose 55*p - 54*p - 20 = 0. What is the remainder when 114 is divided by p?
14
Let b(y) = y**3 + 10*y**2 - 4*y + 37. What is the remainder when 251 is divided by b(-10)?
20
Suppose -y = 4 - 8. What is the remainder when 41 is divided by y?
1
Suppose 23*u - 1741 = 375. What is the remainder when u is divided by 19?
16
Let j(v) = 3*v**3 + v**2 - v - 1. Let l be j(-1). Let r(z) = -47*z - 1. What is the remainder when r(l) is divided by 24?
21
Let z = 1 + 4. Let l(f) = -21*f - 2. Let q(x) = 21*x + 2. Let k(s) = z*q(s) + 4*l(s). What is the remainder when k(1) is divided by 6?
5
Suppose -2*d = -11 + 3. Suppose d*j + 18 = 6. What is the remainder when 11 is divided by j/5 + 114/15?
4
What is the remainder when (-24)/(-12) + 432/2 is divided by 37?
33
Suppose -i = 8*i - 153. What is the remainder when (248/16)/((-1)/(-2)) is divided by i?
14
Let s = 77 - 45. Suppose 0 = -3*g - 4*f + 4, -3*g - 12 = -4*f - s. Suppose q + 5 = 13. What is the remainder when q is divided by g?
0
Let a = -32 - -43. Suppose 101 = a*t - 9. What is the remainder when 37 is divided by t?
7
Let q = -307 - -434. Calculate the remainder when 141 is divided by q.
14
Let z(t) = t**2 - 3*t - 2. Calculate the remainder when z(8) is divided by 4.
2
Let i = 6 + -13. Let v = 9 - i. Calculate the remainder when 136/v + (-1)/(-2) is divided by 6.
3
Let w = 30 + -10. Suppose 0 = -u + c + 114, u - 488 = -3*u - 4*c. What is the remainder when u is divided by w?
18
Suppose 4 = -5*i - j - 1, -5*i - 2*j - 10 = 0. Suppose v + 0*v - 52 = i. Calculate the remainder when v is divided by 14.
10
Suppose -2*l - 3*l = -4403 + 4253. Let x(c) = c**2 + c - 5. Let w be x(-5). Let p = -7 + w. What is the remainder when l is divided by p?
6
Let n be (10/(-8))/((-7)/(-28)). Let v(c) = 3*c**2 + 14*c + 3. What is the remainder when 22 is divided by v(n)?
6
Let y be ((-1)/(-2))/(14/2352). Let n be (-12)/30 - y/(-10). Suppose -3*r - n = -4*r. What is the remainder when 39 is divided by r?
7
Let i be 20/(-5) + 2 + 7. Suppose 2*d = 6*f - f - i, 0 = 3*f - 15. Calculate the remainder when 15 is divided by d.
5
Suppose -12*h + 6*h = -108. Suppose -7 = -4*d + 3*d. Suppose 0 = -6*a + d*a - 33. What is the remainder when a is divided by h?
15
Let s(q) be the third derivative of -q**5/60 - 5*q**4/12 + 5*q**3/6 + 6*q**2. What is the remainder when s(-7) is divided by 15 - 2/(3 + -1)?
12
Suppose 2*g - 116 = -4*o, -4*g - 98 = -5*o + 47. Let d = -10 - -12. Calculate the remainder when o is divided by (-8)/d*2*-2.
13
Let r(l) = l**2 + 1 - 4*l**2 + l**3 + 5*l - 4*l. Let z be r(3). Suppose 3*t - 9 = -2*j - 1, 0 = -z*t - 2*j + 12. What is the remainder when 5 is divided by t?
1
Calculate the remainder when 84 is divided by 3249/114*(-4)/(-6).
8
Suppose 0*d = 4*h + 4*d - 204, -3 = d. Calculate the remainder when 264 is divided by h.
48
Let c = 12 - 9. Let o be 2/1 + -1 + -3. Let b = o + 7. Calculate the remainder when b is divided by c.
2
Suppose -k + 4*g - 5*g = 0, 2*g - 2 = -3*k. Calculate the remainder when 20 is divided by k.
0
Let k(y) = -y - 8. Let w be k(-3). Let i(j) = j + 17. Suppose -4*g + 113 = -5*c, -3*g + 4*c + 34 = -52. Calculate the remainder when g is divided by i(w).
10
Let o = -4 + -7. Let p be (1/(-2))/(o/(-198)). Let i = 14 + p. What is the remainder when 17 is divided by i?
2
What is the remainder when (-12)/(-8) + 21/12*70 is divided by 18?
16
Suppose 2*w = -4*f, 583*f - 5*w = 578*f + 45. Suppose -8 = -4*k + 3*k. What is the remainder when k is divided by f?
2
Let f = 1517 - 197. What is the remainder when f is divided by 63?
60
Suppose -37 = -4*j + k, -j = -7*k + 5*k - 11. Calculate the remainder when 79 is divided by j.
7
Suppose -15*i = 190 - 835. What is the remainder when i is divided by 18?
7
Let i(m) = -2*m + 1. Let l(o) = 3*o + 4. Let g be l(-3). Let w = 166 - 147. What is the remainder when w is divided by i(g)?
8
Let w = -13 + 15. Suppose -w*q = -2*m + 3*q - 4, 2*q = -4*m - 56. What is the remainder when 230/18 - m/54 is divided by 7?
6
Suppose 4*s + 4*o - 52 = 0, 5*s + 0*o = 2*o + 86. Calculate the remainder when 140 is divided by s.
12
What is the remainder when 103 is divided by (6/9)/(-6*(-3)/243)?
4
Calculate the remainder when 374 is divided by (-104)/10*25/(-10) - -3.
26
Let i(k) = 4*k + 331. What is the remainder when 378 is divided by i(-72)?
34
Let o = 415 + -292. What is the remainder when o is divided by 62?
61
Suppose a - 8 = 3*k - 26, 5*a + 20 = k. Suppose 2*w - 71 = -k*i, w = 4*i - 0*w - 49. Calculate the remainder when 38 is divided by i.
12
Suppose 6*q - 4*q = -52. Calculate the remainder when (-18)/(4*1/q) is divided by 30.
27
Let x = -536 - -563. Calculate the remainder when 161 is divided by x.
26
Let g = 382 - 351. Calculate the remainder when g is divided by 18.
13
Let t = -161 + 190. What is the remainder when t is divided by 11?
7
Suppose 0 = -36*g + 22*g + 602. Calculate the remainder when 75 is divided by g.
32
Let n be 4/6 - 169/(-39). Suppose -l + 7*s + 72 = 2*s, -n*s = -3*l + 196. Calculate the remainder when l is divided by 17.
11
Suppose 11 - 20 = -3*b. Suppose -b*j + 36 = 3*j. Calculate the remainder when 17 is divided by j.
5
Let d(a) = -120*a**3 + 2*a**2 - 3*a - 5. What is the remainder when d(-2) is divided by 97?
96
Suppose 3*i = -4*i + 6*i. Suppose 2*m - 27 - 19 = i. What is the remainder when m is divided by 5?
3
Suppose 2*z = 3*z - 31. Suppose -3 = b + h - 0, 3*b + 5*h = -15. Calculate the remainder when z is divided by (b + -1)/(3/(-33)).
9
Suppose -653 - 487 = -20*c. What is the remainder when c is divided by 18?
3
Suppose 0 = -4*a - 121 - 187. Let u = -67 - a. Calculate the remainder when 49 is divided by u.
9
Suppose 0 = -1047*c + 1036*c + 121. Let j(u) = u**2 - u + 3. What is the remainder when c is 